ed by 34695.
5684
Calculate the remainder when 9858047 is divided by 469426.
101
Calculate the remainder when 595313 is divided by 660.
653
What is the remainder when 246989 is divided by 8501?
460
Calculate the remainder when 1437252 is divided by 156.
24
What is the remainder when 3365742 is divided by 443?
271
What is the remainder when 75102 is divided by 258?
24
Calculate the remainder when 9488458 is divided by 1387.
1378
Calculate the remainder when 4078142 is divided by 254.
172
What is the remainder when 468991 is divided by 468973?
18
Calculate the remainder when 14016738 is divided by 1044.
1038
Calculate the remainder when 647614 is divided by 129.
34
What is the remainder when 42975 is divided by 792?
207
What is the remainder when 39665961 is divided by 3300?
3261
What is the remainder when 6833890 is divided by 54671?
15
Calculate the remainder when 427182 is divided by 729.
717
What is the remainder when 874216 is divided by 169?
148
Calculate the remainder when 258144 is divided by 291.
27
What is the remainder when 5246979 is divided by 437248?
3
What is the remainder when 2122458 is divided by 55?
8
What is the remainder when 20337656 is divided by 6779216?
8
Calculate the remainder when 37291991 is divided by 2092.
2091
What is the remainder when 4542508 is divided by 973?
544
What is the remainder when 2243408 is divided by 1517?
1282
What is the remainder when 234871 is divided by 21?
7
Calculate the remainder when 88560 is divided by 1771.
10
What is the remainder when 315711 is divided by 5941?
838
Calculate the remainder when 3532274 is divided by 165.
119
What is the remainder when 1886489 is divided by 54?
53
Calculate the remainder when 6146884 is divided by 2032.
84
Calculate the remainder when 147115451 is divided by 2068.
2067
Calculate the remainder when 544340 is divided by 9351.
1982
Calculate the remainder when 60660 is divided by 20013.
621
What is the remainder when 14155 is divided by 164?
51
What is the remainder when 3079604 is divided by 69986?
220
What is the remainder when 61408 is divided by 61239?
169
What is the remainder when 170753 is divided by 85029?
695
Calculate the remainder when 10052237 is divided by 21.
20
What is the remainder when 35002423 is divided by 996?
991
Calculate the remainder when 2331931 is divided by 1057.
189
What is the remainder when 162992381 is divided by 3392?
3389
Calculate the remainder when 32239360 is divided by 435667.
2
Calculate the remainder when 29112739 is divided by 583.
51
What is the remainder when 115766 is divided by 5297?
4529
Calculate the remainder when 277963 is divided by 431.
399
Calculate the remainder when 368243 is divided by 6629.
3648
Calculate the remainder when 323929 is divided by 107925.
154
Calculate the remainder when 394441 is divided by 2504.
1313
What is the remainder when 346685458 is divided by 15?
13
What is the remainder when 6337509 is divided by 454?
123
Calculate the remainder when 1775975 is divided by 17242.
49
What is the remainder when 295665 is divided by 1002?
75
What is the remainder when 744641 is divided by 186160?
1
Calculate the remainder when 30496749 is divided by 3759.
3741
What is the remainder when 169915 is divided by 84869?
177
What is the remainder when 225144335 is divided by 8833?
8831
What is the remainder when 183646 is divided by 91?
8
Calculate the remainder when 46829348 is divided by 803.
797
Calculate the remainder when 32662 is divided by 8049.
466
Calculate the remainder when 286715 is divided by 115.
20
What is the remainder when 6599484 is divided by 22?
12
Calculate the remainder when 9309922 is divided by 54.
52
What is the remainder when 72438 is divided by 5170?
58
Calculate the remainder when 1142643 is divided by 2356.
2339
Calculate the remainder when 4260655 is divided by 718.
43
Calculate the remainder when 1024816 is divided by 7262.
874
What is the remainder when 1028563 is divided by 32142?
19
Calculate the remainder when 319664 is divided by 3291.
437
What is the remainder when 99847 is divided by 5251?
78
Calculate the remainder when 7858 is divided by 2941.
1976
Calculate the remainder when 2795572 is divided by 33274.
556
Calculate the remainder when 37150 is divided by 598.
74
What is the remainder when 51796028 is divided by 1430?
1428
Calculate the remainder when 27167010 is divided by 362.
358
Calculate the remainder when 1497437 is divided by 9817.
5253
What is the remainder when 381225 is divided by 95189?
469
Calculate the remainder when 1182070 is divided by 90836.
1202
Calculate the remainder when 1499695 is divided by 1521.
1510
Calculate the remainder when 256454 is divided by 3511.
151
What is the remainder when 275312 is divided by 9493?
15
What is the remainder when 442871 is divided by 47?
37
Calculate the remainder when 4204563 is divided by 364.
363
Calculate the remainder when 1961060 is divided by 280147.
31
What is the remainder when 82740 is divided by 1262?
710
Calculate the remainder when 232381 is divided by 46.
35
Calculate the remainder when 187260 is divided by 4069.
86
What is the remainder when 47551 is divided by 23037?
1477
Calculate the remainder when 83443967 is divided by 768.
767
What is the remainder when 210323 is divided by 4?
3
What is the remainder when 32252 is divided by 4321?
2005
Calculate the remainder when 873213 is divided by 9484.
685
What is the remainder when 251173 is divided by 44?
21
What is the remainder when 291911 is divided by 291854?
57
What is the remainder when 88606572 is divided by 1042430?
22
What is the remainder when 324327 is divided by 3105?
1407
What is the remainder when 537559 is divided by 268770?
19
What is the remainder when 52097772 is divided by 725?
722
Calculate the remainder when 77880886 is divided by 7297.
5
Calculate the remainder when 9608271 is divided by 42.
15
Calculate the remainder when 98597349 is divided by 658.
655
Calculate the remainder when 65543211 is divided by 269.
16
What is the remainder when 3342442 is divided by 123793?
31
What is the remainder when 1936265 is divided by 484065?
5
What is the remainder when 1302791 is divided by 2314?
9
Calculate the remainder when 925084 is divided by 366.
202
What is the remainder when 1813169 is divided by 1812978?
191
Calculate the remainder when 29915153 is divided by 873.
62
Calculate the remainder when 3035973 is divided by 84332.
21
Calculate the remainder when 3060717 is divided by 235438.
23
What is the remainder when 558389 is divided by 10?
9
What is the remainder when 990011 is divided by 1403?
896
What is the remainder when 39937 is divided by 2954?
1535
Calculate the remainder when 5418061 is divided by 26822.
17
What is the remainder when 23229787 is divided by 67?
16
What is the remainder when 58130133 is divided by 19376703?
24
What is the remainder when 8533003 is divided by 1132?
1119
Calculate the remainder when 354732 is divided by 8062.
4
Calculate the remainder when 942037 is divided by 10352.
5
Calculate the remainder when 27937188 is divided by 2423.
2421
What is the remainder when 11531576 is divided by 57?
20
What is the remainder when 833728 is divided by 208431?
4
Calculate the remainder when 1784658 is divided by 4131.
66
What is the remainder when 28131596 is divided by 100?
96
Calculate the remainder when 3981 is divided by 3945.
36
Calculate the remainder when 4303166 is divided by 16.
14
What is the remainder when 319235 is divided by 6641?
467
What is the remainder when 87062 is divided by 212?
142
What is the remainder when 11705358 is divided by 58?
30
What is the remainder when 12045 is divided by 2600?
1645
Calculate the remainder when 176613 is divided by 87983.
647
What is the remainder when 10065 is divided by 1180?
625
Calculate the remainder when 3214291 is divided by 445.
56
What is the remainder when 9733664 is divided by 72101?
29
What is the remainder when 24530479 is divided by 703?
700
What is the remainder when 107834 is divided by 125?
84
Calculate the remainder when 508474 is divided by 3082.
3026
What is the remainder when 118129207 is divided by 68600?
7
What is the remainder when 538375 is divided by 78?
19
What is the remainder when 269898 is divided by 134799?
300
Calculate the remainde